 7, 199
Let n be ((-5)/(-3))/((-2)/(-36)). Suppose 0 = -10*k + 5*k + n. Suppose 3*t = t + k. List the prime factors of t.
3
Let o = 62 - 35. What are the prime factors of o/3*68/12?
3, 17
Let c be -4*(0/(-2) + -1). Suppose -5*b + 3*u + 20 = -2*u, c*u = -3*b + 12. Suppose -12 = b*o, o + 9 = 3*w - 9. What are the prime factors of w?
5
Suppose -b - 2*i = -138 - 1764, -5*i = -5. List the prime factors of b.
2, 5, 19
Let r(h) be the second derivative of -h**3/3 - 5*h**2/2 - h. Let v be r(-4). Suppose -2*j = -4*w - 5*j + 109, v*w - 2*j = 103. What are the prime factors of w?
31
Suppose 41 = 3*u - 4*t - 387, 0 = 3*u - t - 431. What are the prime factors of u?
2, 3
Let w = -450 + 696. Suppose 0 = 4*c - 5*t - w, 171 = 3*c + 8*t - 5*t. What are the prime factors of c?
59
Let u(g) = 32*g**2 - 3*g - 76. What are the prime factors of u(-7)?
17, 89
Suppose -10 = 2*m + 20. Let h = -6 - -5. List the prime factors of (-430)/m + h/(-3).
29
List the prime factors of (112 - 48)*43/2.
2, 43
Suppose 3*p + q = -22, -3*q - 13 = -1. Suppose a = 2*b + 4*a - 27, -3*b + a + 68 = 0. Let s = p + b. What are the prime factors of s?
3, 5
Suppose -3*f - 2*d + 1552 = -0*d, -f + 2*d = -504. What are the prime factors of f?
2, 257
Suppose -5*j + j = -12. Suppose d + g = -j*g + 231, -4*d + 4*g = -964. List the prime factors of d.
239
Suppose -o - 3 = -2*o, -f - 3*o = -171. Let i = f + -25. List the prime factors of i.
137
Let k be (860/30)/((-2)/6). Let p = -60 - k. List the prime factors of p.
2, 13
Let d = -1 + 3. Suppose -8 = -d*k, -3*b - 3*k - 100 = b. What are the prime factors of -2*3*b/12?
2, 7
Let m(y) be the third derivative of y**6/120 + 2*y**5/15 + y**4/2 + 2*y**3/3 - 7*y**2. What are the prime factors of m(-5)?
19
Let c = 883 - 230. List the prime factors of c.
653
Let q = 5 - 3. Suppose 0 = -3*l + 7 + 14. Let f = l + q. What are the prime factors of f?
3
Suppose -13*f + 48 = -16*f. What are the prime factors of (2/(-8))/(1/f)?
2
Let d(q) = -q**3 - 12*q**2 + q + 12. Let r be d(-12). Suppose -v - 2*n = n, r = 5*v - 5*n + 80. What are the prime factors of (-3)/v - 30/(-8)?
2
Let n(z) = -10*z + 18*z - 39 - 7*z - 4*z. Let l be n(0). Let g = l + 69. List the prime factors of g.
2, 3, 5
Suppose l - 33 = -2*x, 3*l - 78 = 5*x + 65. Let o = l - 36. Suppose -5*c - 3*n - o = -20, 0 = c + 2*n - 3. List the prime factors of c.
3
Suppose 0 = -5*n + 10*n + 3*p - 1246, 998 = 4*n + 3*p. What are the prime factors of n?
2, 31
Suppose -49*m = -30*m - 12160. List the prime factors of m.
2, 5
Suppose n = -g, -g = -2*n - 0*g + 12. Suppose -3 = q - n*q. Suppose y = 7 + q. What are the prime factors of y?
2
Suppose h - 6*h + 5460 = -4*q, 0 = -4*h + 3*q + 4368. What are the prime factors of h?
2, 3, 7, 13
Suppose 37*y = 41*y + 388. Let h = y - -194. List the prime factors of h.
97
Let q(n) = -3*n. Let r be q(1). Let p = 49 + r. What are the prime factors of p?
2, 23
Let n(f) = f**2 - 4*f + 4. Let l be n(4). Suppose -14 = -l*y + 14. What are the prime factors of y?
7
Suppose 5*r = -406 + 56. What are the prime factors of r/(-21)*93/2?
5, 31
Let r(t) = -5*t**3 + 14*t**2 + 42*t + 2. List the prime factors of r(-5).
13, 59
List the prime factors of ((-4296)/10)/(((-28)/(-10))/(-7)).
2, 3, 179
Suppose -4*p = -2*c - 38, 2 - 1 = -c. Let t be (p/(-9))/(-1 + 0). What are the prime factors of -1*(-3 - 16) + t?
2, 5
List the prime factors of (-36 - 3)/((-3)/12).
2, 3, 13
Let k(f) = -4*f + 30. Let i be k(7). List the prime factors of i/3 - (-49)/3.
17
Let g(r) = 4*r**2 + 2*r + 1. Let w be g(-1). Let f = 65 - -3. Suppose -5*z + q + f = 0, 6*z - 5*q = w*z + 32. List the prime factors of z.
2, 7
Let f(y) = -y**3 + 4*y**2 + y - 2. Let w be f(4). Let o(j) = -j - j**w + j + 20 - 3. What are the prime factors of o(0)?
17
Let k = -64 + 68. Suppose 4*w + 5*z + 8 = w, 5*w = -k*z + 4. List the prime factors of w.
2
Let s(c) = -4*c - 17. Let y(b) = -9 + 19 + 0*b - 2*b. Let t be y(13). What are the prime factors of s(t)?
47
Suppose -4*o = -7 + 3, 0 = -4*p - 4*o + 13272. List the prime factors of p.
31, 107
Let p(d) = -6*d**2 - d. Let s be p(1). Let c be (-20)/(-90) + (-178)/(-9). Let g = c + s. What are the prime factors of g?
13
Suppose c = 4*v + 2, 12 = -5*c + 2*v + 40. Let m = 37 - c. List the prime factors of m.
31
Let r = 123 - 119. List the prime factors of (372/(-10))/(3*r/(-30)).
3, 31
Let l be 7/(21/12) - 4. Suppose 4*b + 3*w = 42, l + 4 = -2*w. List the prime factors of b.
2, 3
Let r(f) be the second derivative of 0 + 4*f + 21/2*f**2 + 8/3*f**3 + 1/12*f**4. What are the prime factors of r(-16)?
3, 7
Let i be -6 + 1 + (13 - 13). What are the prime factors of 1 + 85 - (3 + i)?
2, 11
Let v be 668/3 - (-8)/24. Let s = -115 + v. What are the prime factors of s?
2, 3
Let n = 145 - 69. Suppose -2 = -2*s - 4, -4*s + n = 5*i. Let k = -11 + i. List the prime factors of k.
5
Let i be 5/((-5)/(-6)) - -1. Suppose -i = -2*x - 3, 5*j + 2*x - 4 = 0. Suppose -3*s - 2*s + 35 = j. List the prime factors of s.
7
Let c = 5580 + -562. What are the prime factors of c?
2, 13, 193
Let r be 3/2*8/6. Let m be 1/2*(r - -136). Suppose 0*k + 3*k = m. List the prime factors of k.
23
What are the prime factors of (1 - (-6)/6)*93?
2, 3, 31
Suppose 2*w + 7*b = 6*b + 4997, 0 = w - b - 2503. What are the prime factors of w?
2, 5
List the prime factors of 5/2*(-25)/((-50)/1384).
2, 5, 173
Suppose -13*q + 1 = -12*q. Let w(x) = 5 + 37*x - x**2 - q + 5*x**2 - 39*x. What are the prime factors of w(-4)?
2, 19
List the prime factors of ((-2492)/(-6))/((-26)/(-39)).
7, 89
Let s = -818 - -1348. List the prime factors of s.
2, 5, 53
Let y(v) = -4*v + 0 + 2 + 4*v + v. Let b be y(2). Suppose b*k - 129 = -41. What are the prime factors of k?
2, 11
Let k(q) = q**2 - q + 18. What are the prime factors of k(25)?
2, 3, 103
Let q = -32 - -34. Let p be 118/2 - (-2)/2. Suppose -2*d - 2*o + 30 = 2*o, 0 = q*d - 2*o - p. What are the prime factors of d?
5
Suppose -5*p - 30*h = -26*h - 590, 3*p + 5*h = 367. List the prime factors of p.
2, 3, 19
Let w = 13 - 3. Suppose 2*q - 5*t - 9 = 0, 2*t - 2 = 3*q - w. Suppose 3*k - 2 = 4*y - 138, 68 = q*y + 3*k. What are the prime factors of y?
2, 17
Let t = 14 - 12. Let q be (-16)/((-2 - 2)/t). Suppose -36 = q*g - 11*g. List the prime factors of g.
2, 3
Let h be (64/12 - 5) + 28/6. Suppose 0 = h*v - 4*o - 702, -4*v = -v - o - 424. List the prime factors of v.
2, 71
Suppose 4*q + 2*i - 1756 = 0, -894 = -2*q + 3*i - 0*i. List the prime factors of q.
3, 7
Suppose 538 = q - 5*a, 4*q + 9*a - 4*a = 2077. What are the prime factors of q?
523
Suppose -12*f = -10164 - 19692. What are the prime factors of f?
2, 311
Suppose 4*y = 3*d + 19, 3*y - 2*d - 12 = d. Let q(f) = 6*f**2 + 3*f - 39. List the prime factors of q(y).
2, 3, 23
Suppose 2*v - 11*v + 900 = 0. Suppose -v = -6*n + 74. List the prime factors of n.
29
Suppose -5*k - k = -708. Suppose 31 = -3*o + k. List the prime factors of o.
29
Let t(h) = -1 + 0 - 2*h**2 + 8*h + 0. Let d be t(6). Let l = 61 + d. List the prime factors of l.
2, 3
Let x(p) = -p**3 + 4*p**2 - 2*p - 1. Let w be x(3). Suppose -w*u = u. Suppose -4 = -h + 5*m, u = h - 2*m + m - 24. What are the prime factors of h?
29
Let g = 8 - 7. Let w(y) = 52*y - 2. Let z be w(g). Let j = -20 + z. What are the prime factors of j?
2, 3, 5
Let f(h) be the first derivative of h**4/4 + 10*h**3/3 + 6*h**2 + 2*h - 2. What are the prime factors of f(-8)?
2, 17
Let f be (-25)/(-7) - (2 - (-40)/(-28)). What are the prime factors of ((-3936)/(-36))/(2/f)?
2, 41
Let y(r) = r**3 - 5*r**2 + 7. Suppose 0 = -15*p + 8*p + 35. What are the prime factors of y(p)?
7
Suppose -6*a - 280 = -8*a. Suppose -p - 82 = 2*p + q, 0 = 5*p + 5*q + a. Let l = 39 + p. What are the prime factors of l?
2, 3
Let g = -98 + 73. Let l be 45 - (1 - 0)*-1. Let n = l + g. List the prime factors of n.
3, 7
Let a(m) = m**2 + 7*m - 49. Let y be a(7). Let v = y + 70. What are the prime factors of v?
7, 17
Let n be 5*-119 - 3/9*9. Let p = -372 - n. List the prime factors of p.
2, 113
Let q be (2 + 2)/4 - 5. Let n be (-11)/(-4) - 1/q. Suppose -d = -3*g + 27 + 37, -n*g = -2*d - 62. What are the prime factors of g?
2, 11
Suppose -2771 + 196 = -n + p, p = -5*n + 12893. What are the prime factors of n?
2, 1289
Let w be 3*3/(-6)*(-12)/9. Suppose -165 = -w*p + 3*k, 0 = -3*p + 3